{"id":22,"date":"2015-01-19T17:02:40","date_gmt":"2015-01-19T17:02:40","guid":{"rendered":"https:\/\/www.natruly.eu\/?page_id=22"},"modified":"2020-02-21T08:45:36","modified_gmt":"2020-02-21T08:45:36","slug":"lokalizacja","status":"publish","type":"page","link":"https:\/\/www.natruly.eu\/?page_id=22","title":{"rendered":"Lokalizacja"},"content":{"rendered":"<p>[et_pb_section fb_built=&#8221;1&#8243; fullwidth=&#8221;on&#8221; _builder_version=&#8221;3.22&#8243;][et_pb_fullwidth_image src=&#8221;https:\/\/www.natruly.eu\/wp-content\/uploads\/2020\/02\/LOKALIZACJA.png&#8221; _builder_version=&#8221;4.3.2&#8243; hover_enabled=&#8221;0&#8243;][\/et_pb_fullwidth_image][\/et_pb_section][et_pb_section fb_built=&#8221;1&#8243; admin_label=&#8221;section&#8221; _builder_version=&#8221;3.22&#8243;][et_pb_row admin_label=&#8221;row&#8221; _builder_version=&#8221;3.25&#8243; background_size=&#8221;initial&#8221; background_position=&#8221;top_left&#8221; background_repeat=&#8221;repeat&#8221; column_structure=&#8221;1_2,1_2&#8243;][et_pb_column type=&#8221;1_2&#8243; _builder_version=&#8221;3.25&#8243; custom_padding=&#8221;|||&#8221; custom_padding__hover=&#8221;|||&#8221;][et_pb_text admin_label=&#8221;Lokalizacja&#8221; _builder_version=&#8221;3.27.4&#8243; background_size=&#8221;initial&#8221; background_position=&#8221;top_left&#8221; background_repeat=&#8221;repeat&#8221; module_alignment=&#8221;left&#8221; use_border_color=&#8221;off&#8221; border_color=&#8221;#ffffff&#8221; border_style=&#8221;solid&#8221;]<\/p>\n<h1 style=\"text-align: justify;\"><span style=\"color: #552500;\"><strong>Lokalizacja<\/strong><\/span><\/h1>\n<p style=\"text-align: justify;\">NATRULY,\u00a0mie\u015bci si\u0119 w najbardziej atrakcyjnym z klimatycznego punku widzenia fragmencie <a title=\"Wzg\u00f3rza Trzebnickie\" href=\"http:\/\/pl.wikipedia.org\/wiki\/Wzg%C3%B3rza_Trzebnickie\" target=\"_blank\" rel=\"noopener noreferrer\">Wzg\u00f3rz Trzebnickich<\/a>. Zapewne dzi\u0119ki temu uda\u0142o nam si\u0119 dotrze\u0107 na bli\u017aniaczy G\u00f3rny A\u0142taj &#8211; na najmniej zaludniona jego cz\u0119\u015b\u0107, gdzie odkryli\u015bmy magi\u0119 dawnych kultur, kultur\u0119 szama\u0144sk\u0105,\u00a0pradawne metody utrzymywania\u00a0dobrej kondycji psychofizycznej oraz odbudowywania zdrowia. \u00a0Wszystkie nasze produkty pochodz\u0105 w\u0142a\u015bnie z tego rejonu.<\/p>\n<p>[\/et_pb_text][et_pb_text admin_label=&#8221;Dane teleadresowe&#8221; _builder_version=&#8221;3.27.4&#8243; background_size=&#8221;initial&#8221; background_position=&#8221;top_left&#8221; background_repeat=&#8221;repeat&#8221; module_alignment=&#8221;left&#8221; use_border_color=&#8221;off&#8221; border_color=&#8221;#ffffff&#8221; border_style=&#8221;solid&#8221;]<\/p>\n<h1><strong><span style=\"color: #552500;\">Dane teleadresowe<\/span><\/strong><\/h1>\n<p>NATRULY Artur Kasprzyk<br \/> Borkowice 11a<br \/> 55-120 Oborniki \u015al\u0105skie<\/p>\n<p>tel.\u00a0602 118260<br \/> e-mail: natruly@natruly.eu<\/p>\n<p>[\/et_pb_text][\/et_pb_column][et_pb_column type=&#8221;1_2&#8243; _builder_version=&#8221;3.25&#8243; custom_padding=&#8221;|||&#8221; custom_padding__hover=&#8221;|||&#8221;][\/et_pb_column][\/et_pb_row][\/et_pb_section]<\/p>\n<span class=\"et_bloom_bottom_trigger\"><\/span>","protected":false},"excerpt":{"rendered":"<p>Lokalizacja NATRULY,\u00a0mie\u015bci si\u0119 w najbardziej atrakcyjnym z klimatycznego punku widzenia fragmencie Wzg\u00f3rz Trzebnickich. Zapewne dzi\u0119ki temu uda\u0142o nam si\u0119 dotrze\u0107 na bli\u017aniaczy G\u00f3rny A\u0142taj &#8211; na najmniej zaludniona jego cz\u0119\u015b\u0107, gdzie odkryli\u015bmy magi\u0119 dawnych kultur, kultur\u0119 szama\u0144sk\u0105,\u00a0pradawne metody utrzymywania\u00a0dobrej kondycji psychofizycznej oraz odbudowywania zdrowia. \u00a0Wszystkie nasze produkty pochodz\u0105 w\u0142a\u015bnie z tego rejonu.Dane teleadresowe NATRULY Artur [&hellip;]<\/p>\n","protected":false},"author":1,"featured_media":0,"parent":0,"menu_order":0,"comment_status":"open","ping_status":"open","template":"","meta":{"_et_pb_use_builder":"on","_et_pb_old_content":"","_et_gb_content_width":"","_mi_skip_tracking":false,"_monsterinsights_sitenote_active":false,"_monsterinsights_sitenote_note":"","_monsterinsights_sitenote_category":0,"footnotes":""},"yoast_head":"<!-- This site is optimized with the Yoast SEO plugin v21.3 - https:\/\/yoast.com\/wordpress\/plugins\/seo\/ -->\n<title>Lokalizacja - NATRULY<\/title>\n<meta name=\"robots\" content=\"index, follow, max-snippet:-1, max-image-preview:large, max-video-preview:-1\" \/>\n<link rel=\"canonical\" href=\"https:\/\/www.natruly.eu\/?page_id=22\" \/>\n<meta property=\"og:locale\" content=\"pl_PL\" \/>\n<meta property=\"og:type\" content=\"article\" \/>\n<meta property=\"og:title\" content=\"Lokalizacja - NATRULY\" \/>\n<meta property=\"og:description\" content=\"Lokalizacja NATRULY,\u00a0mie\u015bci si\u0119 w najbardziej atrakcyjnym z klimatycznego punku widzenia fragmencie Wzg\u00f3rz Trzebnickich. Zapewne dzi\u0119ki temu uda\u0142o nam si\u0119 dotrze\u0107 na bli\u017aniaczy G\u00f3rny A\u0142taj - na najmniej zaludniona jego cz\u0119\u015b\u0107, gdzie odkryli\u015bmy magi\u0119 dawnych kultur, kultur\u0119 szama\u0144sk\u0105,\u00a0pradawne metody utrzymywania\u00a0dobrej kondycji psychofizycznej oraz odbudowywania zdrowia. \u00a0Wszystkie nasze produkty pochodz\u0105 w\u0142a\u015bnie z tego rejonu.Dane teleadresowe NATRULY Artur [&hellip;]\" \/>\n<meta property=\"og:url\" content=\"https:\/\/www.natruly.eu\/?page_id=22\" \/>\n<meta property=\"og:site_name\" content=\"NATRULY\" \/>\n<meta property=\"article:publisher\" content=\"https:\/\/www.facebook.com\/enklawasmaku\/\" \/>\n<meta property=\"article:modified_time\" content=\"2020-02-21T08:45:36+00:00\" \/>\n<meta name=\"twitter:card\" content=\"summary_large_image\" \/>\n<meta name=\"twitter:label1\" content=\"Szacowany czas czytania\" \/>\n\t<meta name=\"twitter:data1\" content=\"1 minuta\" \/>\n<script type=\"application\/ld+json\" class=\"yoast-schema-graph\">{\"@context\":\"https:\/\/schema.org\",\"@graph\":[{\"@type\":\"WebPage\",\"@id\":\"https:\/\/www.natruly.eu\/?page_id=22\",\"url\":\"https:\/\/www.natruly.eu\/?page_id=22\",\"name\":\"Lokalizacja - NATRULY\",\"isPartOf\":{\"@id\":\"https:\/\/www.natruly.eu\/#website\"},\"datePublished\":\"2015-01-19T17:02:40+00:00\",\"dateModified\":\"2020-02-21T08:45:36+00:00\",\"breadcrumb\":{\"@id\":\"https:\/\/www.natruly.eu\/?page_id=22#breadcrumb\"},\"inLanguage\":\"pl-PL\",\"potentialAction\":[{\"@type\":\"ReadAction\",\"target\":[\"https:\/\/www.natruly.eu\/?page_id=22\"]}]},{\"@type\":\"BreadcrumbList\",\"@id\":\"https:\/\/www.natruly.eu\/?page_id=22#breadcrumb\",\"itemListElement\":[{\"@type\":\"ListItem\",\"position\":1,\"name\":\"Strona g\u0142\u00f3wna\",\"item\":\"https:\/\/www.natruly.eu\/\"},{\"@type\":\"ListItem\",\"position\":2,\"name\":\"Lokalizacja\"}]},{\"@type\":\"WebSite\",\"@id\":\"https:\/\/www.natruly.eu\/#website\",\"url\":\"https:\/\/www.natruly.eu\/\",\"name\":\"NATRULY\",\"description\":\"Zdrowie z natury\",\"publisher\":{\"@id\":\"https:\/\/www.natruly.eu\/#organization\"},\"potentialAction\":[{\"@type\":\"SearchAction\",\"target\":{\"@type\":\"EntryPoint\",\"urlTemplate\":\"https:\/\/www.natruly.eu\/?s={search_term_string}\"},\"query-input\":\"required name=search_term_string\"}],\"inLanguage\":\"pl-PL\"},{\"@type\":\"Organization\",\"@id\":\"https:\/\/www.natruly.eu\/#organization\",\"name\":\"NATRULY\",\"url\":\"https:\/\/www.natruly.eu\/\",\"logo\":{\"@type\":\"ImageObject\",\"inLanguage\":\"pl-PL\",\"@id\":\"https:\/\/www.natruly.eu\/#\/schema\/logo\/image\/\",\"url\":\"https:\/\/www.natruly.eu\/wp-content\/uploads\/2017\/10\/natruly-logo.png\",\"contentUrl\":\"https:\/\/www.natruly.eu\/wp-content\/uploads\/2017\/10\/natruly-logo.png\",\"width\":262,\"height\":124,\"caption\":\"NATRULY\"},\"image\":{\"@id\":\"https:\/\/www.natruly.eu\/#\/schema\/logo\/image\/\"},\"sameAs\":[\"https:\/\/www.facebook.com\/enklawasmaku\/\"]}]}<\/script>\n<!-- \/ Yoast SEO plugin. -->","yoast_head_json":{"title":"Lokalizacja - NATRULY","robots":{"index":"index","follow":"follow","max-snippet":"max-snippet:-1","max-image-preview":"max-image-preview:large","max-video-preview":"max-video-preview:-1"},"canonical":"https:\/\/www.natruly.eu\/?page_id=22","og_locale":"pl_PL","og_type":"article","og_title":"Lokalizacja - NATRULY","og_description":"Lokalizacja NATRULY,\u00a0mie\u015bci si\u0119 w najbardziej atrakcyjnym z klimatycznego punku widzenia fragmencie Wzg\u00f3rz Trzebnickich. Zapewne dzi\u0119ki temu uda\u0142o nam si\u0119 dotrze\u0107 na bli\u017aniaczy G\u00f3rny A\u0142taj - na najmniej zaludniona jego cz\u0119\u015b\u0107, gdzie odkryli\u015bmy magi\u0119 dawnych kultur, kultur\u0119 szama\u0144sk\u0105,\u00a0pradawne metody utrzymywania\u00a0dobrej kondycji psychofizycznej oraz odbudowywania zdrowia. \u00a0Wszystkie nasze produkty pochodz\u0105 w\u0142a\u015bnie z tego rejonu.Dane teleadresowe NATRULY Artur [&hellip;]","og_url":"https:\/\/www.natruly.eu\/?page_id=22","og_site_name":"NATRULY","article_publisher":"https:\/\/www.facebook.com\/enklawasmaku\/","article_modified_time":"2020-02-21T08:45:36+00:00","twitter_card":"summary_large_image","twitter_misc":{"Szacowany czas czytania":"1 minuta"},"schema":{"@context":"https:\/\/schema.org","@graph":[{"@type":"WebPage","@id":"https:\/\/www.natruly.eu\/?page_id=22","url":"https:\/\/www.natruly.eu\/?page_id=22","name":"Lokalizacja - NATRULY","isPartOf":{"@id":"https:\/\/www.natruly.eu\/#website"},"datePublished":"2015-01-19T17:02:40+00:00","dateModified":"2020-02-21T08:45:36+00:00","breadcrumb":{"@id":"https:\/\/www.natruly.eu\/?page_id=22#breadcrumb"},"inLanguage":"pl-PL","potentialAction":[{"@type":"ReadAction","target":["https:\/\/www.natruly.eu\/?page_id=22"]}]},{"@type":"BreadcrumbList","@id":"https:\/\/www.natruly.eu\/?page_id=22#breadcrumb","itemListElement":[{"@type":"ListItem","position":1,"name":"Strona g\u0142\u00f3wna","item":"https:\/\/www.natruly.eu\/"},{"@type":"ListItem","position":2,"name":"Lokalizacja"}]},{"@type":"WebSite","@id":"https:\/\/www.natruly.eu\/#website","url":"https:\/\/www.natruly.eu\/","name":"NATRULY","description":"Zdrowie z natury","publisher":{"@id":"https:\/\/www.natruly.eu\/#organization"},"potentialAction":[{"@type":"SearchAction","target":{"@type":"EntryPoint","urlTemplate":"https:\/\/www.natruly.eu\/?s={search_term_string}"},"query-input":"required name=search_term_string"}],"inLanguage":"pl-PL"},{"@type":"Organization","@id":"https:\/\/www.natruly.eu\/#organization","name":"NATRULY","url":"https:\/\/www.natruly.eu\/","logo":{"@type":"ImageObject","inLanguage":"pl-PL","@id":"https:\/\/www.natruly.eu\/#\/schema\/logo\/image\/","url":"https:\/\/www.natruly.eu\/wp-content\/uploads\/2017\/10\/natruly-logo.png","contentUrl":"https:\/\/www.natruly.eu\/wp-content\/uploads\/2017\/10\/natruly-logo.png","width":262,"height":124,"caption":"NATRULY"},"image":{"@id":"https:\/\/www.natruly.eu\/#\/schema\/logo\/image\/"},"sameAs":["https:\/\/www.facebook.com\/enklawasmaku\/"]}]}},"_links":{"self":[{"href":"https:\/\/www.natruly.eu\/index.php?rest_route=\/wp\/v2\/pages\/22"}],"collection":[{"href":"https:\/\/www.natruly.eu\/index.php?rest_route=\/wp\/v2\/pages"}],"about":[{"href":"https:\/\/www.natruly.eu\/index.php?rest_route=\/wp\/v2\/types\/page"}],"author":[{"embeddable":true,"href":"https:\/\/www.natruly.eu\/index.php?rest_route=\/wp\/v2\/users\/1"}],"replies":[{"embeddable":true,"href":"https:\/\/www.natruly.eu\/index.php?rest_route=%2Fwp%2Fv2%2Fcomments&post=22"}],"version-history":[{"count":22,"href":"https:\/\/www.natruly.eu\/index.php?rest_route=\/wp\/v2\/pages\/22\/revisions"}],"predecessor-version":[{"id":11281,"href":"https:\/\/www.natruly.eu\/index.php?rest_route=\/wp\/v2\/pages\/22\/revisions\/11281"}],"wp:attachment":[{"href":"https:\/\/www.natruly.eu\/index.php?rest_route=%2Fwp%2Fv2%2Fmedia&parent=22"}],"curies":[{"name":"wp","href":"https:\/\/api.w.org\/{rel}","templated":true}]}}