{"id":12345,"date":"2020-03-16T13:35:49","date_gmt":"2020-03-16T13:35:49","guid":{"rendered":"https:\/\/www.natruly.eu\/?post_type=product&#038;p=12345"},"modified":"2021-06-08T19:37:53","modified_gmt":"2021-06-08T19:37:53","slug":"proteinum-siberica","status":"publish","type":"product","link":"https:\/\/www.natruly.eu\/?product=proteinum-siberica","title":{"rendered":"PROTEINUM SIBERICA"},"content":{"rendered":"<h3><span style=\"color: #666666;\"><span style=\"font-size: 14px;\">Unikalny, je\u015bli chodzi o sk\u0142ad, w pe\u0142ni naturalny batonik bia\u0142kowy, kt\u00f3rego podstawowym sk\u0142adnikiem s\u0105 orzeszki cedrowe, pozyskiwane z syberyjskich las\u00f3w cedrowych. Cedr syberyjski (\u0142ac. <em>pinus sibirica<\/em>) nale\u017cy do tych drzew, wok\u00f3\u0142 kt\u00f3rych powsta\u0142a ca\u0142a kultura ludno\u015bci zamiejszuj\u0105cej Syberi\u0119. Jednym z powod\u00f3w, dla kt\u00f3rych tak si\u0119 sta\u0142o jest ogromna warto\u015b\u0107 od\u017cywcza orzeszk\u00f3w. W batoniku odnajdziemy ponad 29 gram bardzo dobrze przyswajalnego bia\u0142ka w towarzystwie kwas\u00f3w omega i jednocze\u015bnie pomijaln\u0105 ilo\u015b\u0107 w\u0119glowodan\u00f3w.\u00a0<\/span><\/span><\/h3>\n<div class=\"text_exposed_show\">\n<p>&nbsp;<\/p>\n<h3>WYKAZ SK\u0141ADNIK\u00d3W<\/h3>\n<p>M\u0105ka z orzecha cedrowego, m\u0105ka z nasion szar\u0142atu, sproszkowany baobab, sproszkowany banan, oligofruktoza, sproszkowany yac\u00f3n, sproszkowany topinambur, suchy sok z granat\u00f3w.<\/p>\n<p>&nbsp;<\/p>\n<\/div>\n<h3>WITAMINY I MINERA\u0141Y (1 BATONIK, 5O G)<\/h3>\n<div class=\"text_exposed_show\">\n<p>Witamina A 1 \u03bcg| \u03b2-Karoten 0.02 mg | Witamina B1 1 mg | Witamina B2 0.5 mg | Cholina 60 mg| Witamina B5 1 mg | Witamina B6 0.5 mg | Witamina B12\u00a0 1\u03bcg | Witamina C\u00a0 50 mg | Witamina D\u00a0 2 \u03bcg | Witamina E\u00a0 10 mg | Witamina N\u00a0 5 \u03bcg | Witamina K\u00a0 60 \u03bcg | Witamina PP\u00a0 7 mg | Wap\u0144\u00a0 600 mg | Krzem\u00a0 30 mg| Magnez\u00a0 250 mg | S\u00f3d\u00a0 5 mg | Fosfor\u00a0 600 mg | \u017belazo\u00a0 8 mg| Jod\u00a0 2 \u03bcg\u00a0 | Kobalt\u00a0 2 \u03bcg\u00a0 | Mangan\u00a0 8 mg | Mied\u017a\u00a0 134 \u03bcg | Molibden\u00a0 2 \u03bcg | Chrom 1 \u03bcg | Cynk 7 mg\u00a0 | \u00a0Biotyna 20 \u03bcg | Witamina B9 34 \u03bcg | Selen 1 \u03bcg<\/p>\n<p>&nbsp;<\/p>\n<\/div>\n<h3>WARTO\u015aCI OD\u017bYWCZE<\/h3>\n<div class=\"text_exposed_show\">\n<table style=\"width: 680px;\">\n<tbody>\n<tr>\n<td style=\"width: 312px;\"><strong>Informacja \u017cywieniowa<\/strong><\/td>\n<td style=\"width: 186px;\"><strong>1 batonik (50 g)<\/strong><\/td>\n<td style=\"width: 174px;\"><strong>100 g<\/strong><\/td>\n<\/tr>\n<tr>\n<td style=\"width: 312px;\">Warto\u015b\u0107 energetyczna<\/td>\n<td style=\"width: 186px;\">360 kcal<\/td>\n<td style=\"width: 174px;\">720 kcal<\/td>\n<\/tr>\n<tr>\n<td style=\"width: 312px;\">Bia\u0142ka<\/td>\n<td style=\"width: 186px;\">29.25 g<\/td>\n<td style=\"width: 174px;\">58.5 g<\/td>\n<\/tr>\n<tr>\n<td style=\"width: 312px;\">T\u0142uszcze<\/td>\n<td style=\"width: 186px;\">20 g<\/td>\n<td style=\"width: 174px;\">40 g<\/td>\n<\/tr>\n<tr>\n<td style=\"width: 312px; padding-left: 40px;\">nasycone<\/td>\n<td style=\"width: 186px;\">7.5 g<\/td>\n<td style=\"width: 174px;\">15 g<\/td>\n<\/tr>\n<tr>\n<td style=\"width: 312px; padding-left: 40px;\">wielonienasycone<\/td>\n<td style=\"width: 186px;\">12.5 g<\/td>\n<td style=\"width: 174px;\">25 g<\/td>\n<\/tr>\n<tr>\n<td style=\"width: 312px;\">W\u0119glowodany<\/td>\n<td style=\"width: 186px;\">0.75 g<\/td>\n<td style=\"width: 174px;\">1.5 g<\/td>\n<\/tr>\n<tr>\n<td style=\"width: 312px; padding-left: 40px;\">glukoza<\/td>\n<td style=\"width: 186px;\">0.5 g<\/td>\n<td style=\"width: 174px;\">1 g<\/td>\n<\/tr>\n<tr>\n<td style=\"width: 312px; padding-left: 40px;\">fruktoza<\/td>\n<td style=\"width: 186px;\">0.25 g<\/td>\n<td style=\"width: 174px;\">0.5 g<\/td>\n<\/tr>\n<\/tbody>\n<\/table>\n<p>&nbsp;<\/p>\n<h3>SPOS\u00d3B PRZECHOWYWANIA<\/h3>\n<p>Przechowywa\u0107 w miejscu w suchym miejscu w temperaturze poni\u017cej 25 stopni.<\/p>\n<p>&nbsp;<\/p>\n<h3>ZAWARTO\u015a\u0106 OPAKOWANIA<\/h3>\n<p>1 batonik (50 gram)<\/p>\n<p>Wyprodukowano w Rosji (A\u0142tajski Kraj).<\/p>\n<\/div>\n<span class=\"et_bloom_bottom_trigger\"><\/span>","protected":false},"excerpt":{"rendered":"<h3><span style=\"color: #666666;\"><span style=\"font-size: 14px;\">Unikalny, je\u015bli chodzi o sk\u0142ad, w pe\u0142ni naturalny batonik bia\u0142kowy, kt\u00f3rego podstawowym sk\u0142adnikiem s\u0105 orzeszki cedrowe, pozyskiwane z syberyjskich las\u00f3w cedrowych. Cedr syberyjski (\u0142ac. <em>pinus sibirica<\/em>) nale\u017cy do tych drzew, wok\u00f3\u0142 kt\u00f3rych powsta\u0142a ca\u0142a kultura ludno\u015bci zamiejszuj\u0105cej Syberi\u0119. Jednym z powod\u00f3w, dla kt\u00f3rych tak si\u0119 sta\u0142o jest ogromna warto\u015b\u0107 od\u017cywcza orzeszk\u00f3w. W batoniku odnajdziemy ponad 29 gram bardzo dobrze przyswajalnego bia\u0142ka w towarzystwie kwas\u00f3w omega i jednocze\u015bnie pomijaln\u0105 ilo\u015b\u0107 w\u0119glowodan\u00f3w.\u00a0<\/span><\/span><\/h3>\n","protected":false},"featured_media":12346,"comment_status":"open","ping_status":"closed","template":"","meta":{"_et_pb_use_builder":"","_et_pb_old_content":"","_et_gb_content_width":"","_mi_skip_tracking":false,"_monsterinsights_sitenote_active":false,"_monsterinsights_sitenote_note":"","_monsterinsights_sitenote_category":0},"product_cat":[179],"product_tag":[],"yoast_head":"<!-- This site is optimized with the Yoast SEO plugin v21.3 - https:\/\/yoast.com\/wordpress\/plugins\/seo\/ -->\n<title>PROTEINUM SIBERICA - NATRULY<\/title>\n<meta name=\"robots\" content=\"index, follow, max-snippet:-1, max-image-preview:large, max-video-preview:-1\" \/>\n<link rel=\"canonical\" href=\"https:\/\/www.natruly.eu\/?product=proteinum-siberica\" \/>\n<meta property=\"og:locale\" content=\"pl_PL\" \/>\n<meta property=\"og:type\" content=\"article\" \/>\n<meta property=\"og:title\" content=\"PROTEINUM SIBERICA - NATRULY\" \/>\n<meta property=\"og:description\" content=\"Unikalny, je\u015bli chodzi o sk\u0142ad, w pe\u0142ni naturalny batonik bia\u0142kowy, kt\u00f3rego podstawowym sk\u0142adnikiem s\u0105 orzeszki cedrowe, pozyskiwane z syberyjskich las\u00f3w cedrowych. Cedr syberyjski (\u0142ac. pinus sibirica) nale\u017cy do tych drzew, wok\u00f3\u0142 kt\u00f3rych powsta\u0142a ca\u0142a kultura ludno\u015bci zamiejszuj\u0105cej Syberi\u0119. Jednym z powod\u00f3w, dla kt\u00f3rych tak si\u0119 sta\u0142o jest ogromna warto\u015b\u0107 od\u017cywcza orzeszk\u00f3w. W batoniku odnajdziemy ponad 29 gram bardzo dobrze przyswajalnego bia\u0142ka w towarzystwie kwas\u00f3w omega i jednocze\u015bnie pomijaln\u0105 ilo\u015b\u0107 w\u0119glowodan\u00f3w.\u00a0\" \/>\n<meta property=\"og:url\" content=\"https:\/\/www.natruly.eu\/?product=proteinum-siberica\" \/>\n<meta property=\"og:site_name\" content=\"NATRULY\" \/>\n<meta property=\"article:publisher\" content=\"https:\/\/www.facebook.com\/enklawasmaku\/\" \/>\n<meta property=\"article:modified_time\" content=\"2021-06-08T19:37:53+00:00\" \/>\n<meta property=\"og:image\" content=\"https:\/\/www.natruly.eu\/wp-content\/uploads\/2020\/03\/Isotonicum-Siberica.png\" \/>\n\t<meta property=\"og:image:width\" content=\"1920\" \/>\n\t<meta property=\"og:image:height\" content=\"1280\" \/>\n\t<meta property=\"og:image:type\" content=\"image\/png\" \/>\n<meta name=\"twitter:card\" content=\"summary_large_image\" \/>\n<meta name=\"twitter:label1\" content=\"Szacowany czas czytania\" \/>\n\t<meta name=\"twitter:data1\" content=\"1 minuta\" \/>\n<script type=\"application\/ld+json\" class=\"yoast-schema-graph\">{\"@context\":\"https:\/\/schema.org\",\"@graph\":[{\"@type\":\"WebPage\",\"@id\":\"https:\/\/www.natruly.eu\/?product=proteinum-siberica\",\"url\":\"https:\/\/www.natruly.eu\/?product=proteinum-siberica\",\"name\":\"PROTEINUM SIBERICA - NATRULY\",\"isPartOf\":{\"@id\":\"https:\/\/www.natruly.eu\/#website\"},\"datePublished\":\"2020-03-16T13:35:49+00:00\",\"dateModified\":\"2021-06-08T19:37:53+00:00\",\"breadcrumb\":{\"@id\":\"https:\/\/www.natruly.eu\/?product=proteinum-siberica#breadcrumb\"},\"inLanguage\":\"pl-PL\",\"potentialAction\":[{\"@type\":\"ReadAction\",\"target\":[\"https:\/\/www.natruly.eu\/?product=proteinum-siberica\"]}]},{\"@type\":\"BreadcrumbList\",\"@id\":\"https:\/\/www.natruly.eu\/?product=proteinum-siberica#breadcrumb\",\"itemListElement\":[{\"@type\":\"ListItem\",\"position\":1,\"name\":\"Strona g\u0142\u00f3wna\",\"item\":\"https:\/\/www.natruly.eu\/\"},{\"@type\":\"ListItem\",\"position\":2,\"name\":\"SKLEP\",\"item\":\"https:\/\/www.natruly.eu\/?page_id=1764\"},{\"@type\":\"ListItem\",\"position\":3,\"name\":\"PROTEINUM SIBERICA\"}]},{\"@type\":\"WebSite\",\"@id\":\"https:\/\/www.natruly.eu\/#website\",\"url\":\"https:\/\/www.natruly.eu\/\",\"name\":\"NATRULY\",\"description\":\"Zdrowie z natury\",\"publisher\":{\"@id\":\"https:\/\/www.natruly.eu\/#organization\"},\"potentialAction\":[{\"@type\":\"SearchAction\",\"target\":{\"@type\":\"EntryPoint\",\"urlTemplate\":\"https:\/\/www.natruly.eu\/?s={search_term_string}\"},\"query-input\":\"required name=search_term_string\"}],\"inLanguage\":\"pl-PL\"},{\"@type\":\"Organization\",\"@id\":\"https:\/\/www.natruly.eu\/#organization\",\"name\":\"NATRULY\",\"url\":\"https:\/\/www.natruly.eu\/\",\"logo\":{\"@type\":\"ImageObject\",\"inLanguage\":\"pl-PL\",\"@id\":\"https:\/\/www.natruly.eu\/#\/schema\/logo\/image\/\",\"url\":\"https:\/\/www.natruly.eu\/wp-content\/uploads\/2017\/10\/natruly-logo.png\",\"contentUrl\":\"https:\/\/www.natruly.eu\/wp-content\/uploads\/2017\/10\/natruly-logo.png\",\"width\":262,\"height\":124,\"caption\":\"NATRULY\"},\"image\":{\"@id\":\"https:\/\/www.natruly.eu\/#\/schema\/logo\/image\/\"},\"sameAs\":[\"https:\/\/www.facebook.com\/enklawasmaku\/\"]}]}<\/script>\n<!-- \/ Yoast SEO plugin. -->","yoast_head_json":{"title":"PROTEINUM SIBERICA - NATRULY","robots":{"index":"index","follow":"follow","max-snippet":"max-snippet:-1","max-image-preview":"max-image-preview:large","max-video-preview":"max-video-preview:-1"},"canonical":"https:\/\/www.natruly.eu\/?product=proteinum-siberica","og_locale":"pl_PL","og_type":"article","og_title":"PROTEINUM SIBERICA - NATRULY","og_description":"Unikalny, je\u015bli chodzi o sk\u0142ad, w pe\u0142ni naturalny batonik bia\u0142kowy, kt\u00f3rego podstawowym sk\u0142adnikiem s\u0105 orzeszki cedrowe, pozyskiwane z syberyjskich las\u00f3w cedrowych. Cedr syberyjski (\u0142ac. pinus sibirica) nale\u017cy do tych drzew, wok\u00f3\u0142 kt\u00f3rych powsta\u0142a ca\u0142a kultura ludno\u015bci zamiejszuj\u0105cej Syberi\u0119. Jednym z powod\u00f3w, dla kt\u00f3rych tak si\u0119 sta\u0142o jest ogromna warto\u015b\u0107 od\u017cywcza orzeszk\u00f3w. W batoniku odnajdziemy ponad 29 gram bardzo dobrze przyswajalnego bia\u0142ka w towarzystwie kwas\u00f3w omega i jednocze\u015bnie pomijaln\u0105 ilo\u015b\u0107 w\u0119glowodan\u00f3w.\u00a0","og_url":"https:\/\/www.natruly.eu\/?product=proteinum-siberica","og_site_name":"NATRULY","article_publisher":"https:\/\/www.facebook.com\/enklawasmaku\/","article_modified_time":"2021-06-08T19:37:53+00:00","og_image":[{"width":1920,"height":1280,"url":"https:\/\/www.natruly.eu\/wp-content\/uploads\/2020\/03\/Isotonicum-Siberica.png","type":"image\/png"}],"twitter_card":"summary_large_image","twitter_misc":{"Szacowany czas czytania":"1 minuta"},"schema":{"@context":"https:\/\/schema.org","@graph":[{"@type":"WebPage","@id":"https:\/\/www.natruly.eu\/?product=proteinum-siberica","url":"https:\/\/www.natruly.eu\/?product=proteinum-siberica","name":"PROTEINUM SIBERICA - NATRULY","isPartOf":{"@id":"https:\/\/www.natruly.eu\/#website"},"datePublished":"2020-03-16T13:35:49+00:00","dateModified":"2021-06-08T19:37:53+00:00","breadcrumb":{"@id":"https:\/\/www.natruly.eu\/?product=proteinum-siberica#breadcrumb"},"inLanguage":"pl-PL","potentialAction":[{"@type":"ReadAction","target":["https:\/\/www.natruly.eu\/?product=proteinum-siberica"]}]},{"@type":"BreadcrumbList","@id":"https:\/\/www.natruly.eu\/?product=proteinum-siberica#breadcrumb","itemListElement":[{"@type":"ListItem","position":1,"name":"Strona g\u0142\u00f3wna","item":"https:\/\/www.natruly.eu\/"},{"@type":"ListItem","position":2,"name":"SKLEP","item":"https:\/\/www.natruly.eu\/?page_id=1764"},{"@type":"ListItem","position":3,"name":"PROTEINUM SIBERICA"}]},{"@type":"WebSite","@id":"https:\/\/www.natruly.eu\/#website","url":"https:\/\/www.natruly.eu\/","name":"NATRULY","description":"Zdrowie z natury","publisher":{"@id":"https:\/\/www.natruly.eu\/#organization"},"potentialAction":[{"@type":"SearchAction","target":{"@type":"EntryPoint","urlTemplate":"https:\/\/www.natruly.eu\/?s={search_term_string}"},"query-input":"required name=search_term_string"}],"inLanguage":"pl-PL"},{"@type":"Organization","@id":"https:\/\/www.natruly.eu\/#organization","name":"NATRULY","url":"https:\/\/www.natruly.eu\/","logo":{"@type":"ImageObject","inLanguage":"pl-PL","@id":"https:\/\/www.natruly.eu\/#\/schema\/logo\/image\/","url":"https:\/\/www.natruly.eu\/wp-content\/uploads\/2017\/10\/natruly-logo.png","contentUrl":"https:\/\/www.natruly.eu\/wp-content\/uploads\/2017\/10\/natruly-logo.png","width":262,"height":124,"caption":"NATRULY"},"image":{"@id":"https:\/\/www.natruly.eu\/#\/schema\/logo\/image\/"},"sameAs":["https:\/\/www.facebook.com\/enklawasmaku\/"]}]}},"_links":{"self":[{"href":"https:\/\/www.natruly.eu\/index.php?rest_route=\/wp\/v2\/product\/12345"}],"collection":[{"href":"https:\/\/www.natruly.eu\/index.php?rest_route=\/wp\/v2\/product"}],"about":[{"href":"https:\/\/www.natruly.eu\/index.php?rest_route=\/wp\/v2\/types\/product"}],"replies":[{"embeddable":true,"href":"https:\/\/www.natruly.eu\/index.php?rest_route=%2Fwp%2Fv2%2Fcomments&post=12345"}],"wp:featuredmedia":[{"embeddable":true,"href":"https:\/\/www.natruly.eu\/index.php?rest_route=\/wp\/v2\/media\/12346"}],"wp:attachment":[{"href":"https:\/\/www.natruly.eu\/index.php?rest_route=%2Fwp%2Fv2%2Fmedia&parent=12345"}],"wp:term":[{"taxonomy":"product_cat","embeddable":true,"href":"https:\/\/www.natruly.eu\/index.php?rest_route=%2Fwp%2Fv2%2Fproduct_cat&post=12345"},{"taxonomy":"product_tag","embeddable":true,"href":"https:\/\/www.natruly.eu\/index.php?rest_route=%2Fwp%2Fv2%2Fproduct_tag&post=12345"}],"curies":[{"name":"wp","href":"https:\/\/api.w.org\/{rel}","templated":true}]}}